{"id":54,"date":"2020-06-20T13:07:26","date_gmt":"2020-06-20T11:07:26","guid":{"rendered":"http:\/\/alsacecombatmed.fr\/?page_id=54"},"modified":"2020-08-03T10:47:23","modified_gmt":"2020-08-03T08:47:23","slug":"qui-sommes-nous","status":"publish","type":"page","link":"https:\/\/alsacecombatmed.fr\/","title":{"rendered":"Qui sommes-nous?"},"content":{"rendered":"\n<p>L\u2019association de droit local Alsace Combat M\u00e9di\u00e9val a \u00e9t\u00e9 cr\u00e9\u00e9e fin 2014 par 7 passionn\u00e9s d\u2019Histoire et de sport de contact. <\/p>\n\n\n\n<p>Son objectif est de d\u00e9velopper le combat m\u00e9di\u00e9val sous toutes ses formes. Comptant aujourd\u2019hui une trentaine de membres inscrits, dont trois f\u00e9minines, l\u2019association dispense des entra\u00eenements hebdomadaires et participe r\u00e9guli\u00e8rement \u00e0 des comp\u00e9titions, en France et \u00e0 l\u2019\u00e9tranger.  <\/p>\n\n\n\n<p>Elle aide \u00e9galement les nouveaux arrivants \u00e0 faire les recherches n\u00e9cessaires pour s\u2019assurer de l\u2019historicit\u00e9 et de la qualit\u00e9 de leur futur mat\u00e9riel et les accompagne dans l\u2019achat de leur premi\u00e8re armure.<br><\/p>\n\n\n\n<p>Outre la participation aux comp\u00e9titions nationales et internationales de nos \u00e9quipes \u00cfswiwer (\u00e9quipe f\u00e9minine) et \u00d6stlander (\u00e9quipe masculine), nous proposons \u00e9galement diff\u00e9rents types de prestations<\/p>\n\n\n\n<figure class=\"wp-block-image\"><img decoding=\"async\" loading=\"lazy\" width=\"960\" height=\"720\" src=\"http:\/\/alsacecombatmed.fr\/wp-content\/uploads\/2020\/06\/84263580_2988232974576938_4711667612923199488_n.jpg\" alt=\"\" class=\"wp-image-72\" srcset=\"https:\/\/alsacecombatmed.fr\/wp-content\/uploads\/2020\/06\/84263580_2988232974576938_4711667612923199488_n.jpg 960w, https:\/\/alsacecombatmed.fr\/wp-content\/uploads\/2020\/06\/84263580_2988232974576938_4711667612923199488_n-300x225.jpg 300w, https:\/\/alsacecombatmed.fr\/wp-content\/uploads\/2020\/06\/84263580_2988232974576938_4711667612923199488_n-768x576.jpg 768w\" sizes=\"(max-width: 706px) 89vw, (max-width: 767px) 82vw, 740px\" \/><figcaption>L&#8217;\u00e9quipe Ostlanders lors du tournoi des Flandres 2019<\/figcaption><\/figure>\n","protected":false},"excerpt":{"rendered":"<p>L\u2019association de droit local Alsace Combat M\u00e9di\u00e9val a \u00e9t\u00e9 cr\u00e9\u00e9e fin 2014 par 7 passionn\u00e9s d\u2019Histoire et de sport de contact. Son objectif est de d\u00e9velopper le combat m\u00e9di\u00e9val sous toutes ses formes. Comptant aujourd\u2019hui une trentaine de membres inscrits, dont trois f\u00e9minines, l\u2019association dispense des entra\u00eenements hebdomadaires et participe r\u00e9guli\u00e8rement \u00e0 des comp\u00e9titions, en &hellip; <\/p>\n<p class=\"link-more\"><a href=\"https:\/\/alsacecombatmed.fr\/\" class=\"more-link\">Continue reading<span class=\"screen-reader-text\"> &#8220;Qui sommes-nous?&#8221;<\/span><\/a><\/p>\n","protected":false},"author":1,"featured_media":0,"parent":0,"menu_order":0,"comment_status":"closed","ping_status":"closed","template":"","meta":[],"_links":{"self":[{"href":"https:\/\/alsacecombatmed.fr\/index.php?rest_route=\/wp\/v2\/pages\/54"}],"collection":[{"href":"https:\/\/alsacecombatmed.fr\/index.php?rest_route=\/wp\/v2\/pages"}],"about":[{"href":"https:\/\/alsacecombatmed.fr\/index.php?rest_route=\/wp\/v2\/types\/page"}],"author":[{"embeddable":true,"href":"https:\/\/alsacecombatmed.fr\/index.php?rest_route=\/wp\/v2\/users\/1"}],"replies":[{"embeddable":true,"href":"https:\/\/alsacecombatmed.fr\/index.php?rest_route=%2Fwp%2Fv2%2Fcomments&post=54"}],"version-history":[{"count":3,"href":"https:\/\/alsacecombatmed.fr\/index.php?rest_route=\/wp\/v2\/pages\/54\/revisions"}],"predecessor-version":[{"id":96,"href":"https:\/\/alsacecombatmed.fr\/index.php?rest_route=\/wp\/v2\/pages\/54\/revisions\/96"}],"wp:attachment":[{"href":"https:\/\/alsacecombatmed.fr\/index.php?rest_route=%2Fwp%2Fv2%2Fmedia&parent=54"}],"curies":[{"name":"wp","href":"https:\/\/api.w.org\/{rel}","templated":true}]}}